3*(-98)/(-105)*1*5. Suppose 17*g = d*g + 2055. What is the tens digit of g?
8
What is the hundreds digit of (-10)/(-35)*5*2800?
0
Let c(q) = -q**2 - 16*q - 49. Let t be c(-8). Suppose -t = 3*s - 87. What is the units digit of s?
4
Let c(n) = -3*n**2 + 6*n + 3. Let t be c(-5). Let z = -14110 - -14144. Let b = z - t. What is the units digit of b?
6
Let v = 53948 + -20331. What is the hundreds digit of v?
6
Suppose -407*u + 404*u + 3435 = 0. Let q = 2044 - u. What is the hundreds digit of q?
8
Suppose 9 + 5 = 3*n - 2*u, -5*u = 4*n - 34. Suppose -3*f + 10 = 2*i, -2*f - 2 + n = 0. Suppose i*a - 29 = a. What is the tens digit of a?
2
Let o(l) = 141*l**2 + 3*l + 10. Suppose 2*d + 6 + 6 = -2*v, 0 = -3*v + 4*d + 10. What is the hundreds digit of o(v)?
5
What is the tens digit of (-40731)/(-15)*(-2 + 7)?
7
Let w(i) = 6239*i**2 - 214*i - 596. What is the hundreds digit of w(-3)?
1
Let u be (-21 + -1)/(56/26 + -2). Let v = u + 510. What is the hundreds digit of v?
3
What is the units digit of 1630/(-12225) - 1482844/(-30)?
8
Suppose 0 = 4*t + 3*y - 8, 0 = 3*t + y + 3*y + 1. Let k be 6*33/3 - (t - 3). Suppose m = 180 + k. What is the units digit of m?
4
Let h = 795 - 795. Let g(u) = -u - 1. Let x be g(-5). Suppose h = -3*d - x + 157. What is the tens digit of d?
5
Let m(j) = -2984*j + 3268. What is the hundreds digit of m(-10)?
1
Suppose -3*l - x = -0*x + 5, 5 = -x. Suppose -3*i + l*c + 1027 = -c, 2*i - 5*c - 663 = 0. What is the units digit of i?
4
Suppose 9*s - 12189 = -273. Let u = -745 + s. Suppose 2*b = -4*y - 219 + u, -5*b + 3*y = -874. What is the tens digit of b?
7
Let p(x) = x + 24. Let m be p(-9). What is the tens digit of m*2/6 - -83?
8
Let a be 1 - -6 - (-2)/2. Let j be 2*2/8*(-162)/(-9). Suppose -j*w = -a - 46. What is the units digit of w?
6
Let b = 377 - 721. Let x = -197 - b. Suppose g - t = 38, 4*g - 4*t - x = t. What is the tens digit of g?
4
Let g = 103 + -358. What is the tens digit of ((-22)/5)/(3/g)?
7
Suppose 3*b + 4*g + 9 = -0*g, -4*b - g + 1 = 0. Let w(s) = 650*s**2 - 6*s + 5. Let m be w(b). Suppose m + 139 = 4*t. What is the tens digit of t?
9
Let y be (80/8)/(0 - -2). Suppose -5*k - 3*d = -y*d - 20, 5*d - 8 = -2*k. Suppose k*w = 2*w + 70. What is the units digit of w?
5
Let r(b) = -51*b - 23. Let d = -62 + 53. What is the hundreds digit of r(d)?
4
Let q(g) = -2*g**3 - 7*g**2 - g + 7. Let y be q(-3). Let f be 2 - 2*(-2 + y). Suppose -25 = 5*j, f*v - 3*v + 5*j = 40. What is the tens digit of v?
6
Suppose -5*u = -13*u + 1296. Suppose 0 = -9*d - 27 + u. Suppose -50 = -5*f + d. What is the units digit of f?
3
Let w = -45 - -48. Suppose w*v + 5 - 15 = -j, 2*v - 5*j + 16 = 0. What is the units digit of (-17 + (0 - 1))/(v/(-9))?
1
What is the ten thousands digit of 25/(100/41384) + -2?
1
Let z(l) = 1845*l**3 - 17*l**2 + 36*l + 8. What is the tens digit of z(3)?
7
Suppose -u + 18 = x, -5*u = -0*x - 3*x - 114. Suppose 114 = -u*r + 27141. What is the thousands digit of r?
1
Let g(m) = -m + 24. Let y be g(14). Suppose 9*v = y*v - 650. What is the tens digit of v?
5
Let y(j) = 1. Let a be 2/(2*(-4)/16). Let l(o) = 23*o - 1. Let p(c) = a*y(c) - l(c). What is the tens digit of p(-4)?
8
Suppose -114858 = -116*p + 98*p. What is the tens digit of p?
8
Let m(b) = -1652*b - 57. Let s be m(-2). Suppose 9*c - s - 1559 = 0. What is the hundreds digit of c?
5
Let l be (-5 + 64549)/4 + -8. Suppose 14*h - l = -10*h. What is the hundreds digit of h?
6
Suppose -5*y + 10 = 5. Let g = y + -1. Suppose g = -3*o + 8*o - 805. What is the units digit of o?
1
What is the thousands digit of (-327)/(((-20)/((-560)/12))/(26/(-7)))?
2
Suppose -1091 = 5*j - 7*i + 8*i, i + 1 = 0. Let k = 318 + j. What is the hundreds digit of k?
1
Let m(y) = 20*y**3 + 5*y**2 + 11*y + 42. Let t be m(-4). What is the units digit of (t/8)/((-43)/344)?
2
Suppose 7*n = 4*n - 2*n. Suppose n = -347*t + 337*t + 2010. What is the units digit of t?
1
Let z = -318 - -114. Suppose 0 = -2*v - 2, f + 356 = -3*v + 2*v. Let r = z - f. What is the units digit of r?
1
Suppose s + 2318 = 4*v, 1738 = 3*v - 2*s + s. Let p = v - -352. What is the hundreds digit of p?
9
Suppose -22 = -4*c + m - 5, -2*c = 4*m + 14. Suppose -981 = -4*n - c*d, 1002 + 226 = 5*n + 2*d. Suppose -i - n = -4*i. What is the units digit of i?
2
Let s(n) = 8*n**3 + 8*n**2 + 73*n - 60. What is the thousands digit of s(9)?
7
Let x(j) = 1196*j**2 - 418*j - 834. What is the units digit of x(-2)?
6
Suppose 5*j - 15536 = -w, 552 + 11888 = 4*j - 2*w. What is the hundreds digit of j?
1
Suppose n + 4*n - 10 = 0. What is the hundreds digit of 3*-71*n/(-6)*3?
2
Let d(p) be the second derivative of p**7/1260 - p**6/80 + p**5/12 - 5*p**4/12 + 6*p. Let m(k) be the third derivative of d(k). What is the tens digit of m(5)?
1
Suppose 0 = 2*v - 5*n - 2347, 4*v + 8*n = 5*n + 4655. Suppose 0 = 5*o - 1879 - v. What is the tens digit of o?
0
Suppose 13*s - 11*s - 10 = 0. Suppose 3*u - s*u = u. Suppose u = 3*v - 262 - 191. What is the hundreds digit of v?
1
Let s be ((-1815)/10)/(-11)*(-4)/(-6). Suppose 322 = -9*v + s*v. What is the units digit of v?
1
Suppose -3*u - s - 4*s = -78, 2*u - 5*s = 77. Suppose p - u*p + 37530 = 0. What is the hundreds digit of p?
2
Let y = 16 - 78. Let u = -59 - y. Suppose 4*c - 2*r - 166 = 0, 8 = u*r - 1. What is the tens digit of c?
4
Suppose -95*x + 97*x - 6 = 0. Suppose -5*d = -5*b - 60, 3*d + x*b - 1 = 5. Suppose -d*m = 77 - 826. What is the units digit of m?
7
Suppose -22*j + 326542 = 43*j + 38592. What is the tens digit of j?
3
Let b = 447 + -444. What is the units digit of 1*(b - -3485)/8?
6
Suppose -3*z + 350 = -10*z. What is the units digit of (-10532)/(-32) - (z/(-16) - 3)?
9
Suppose 819*d - 734*d = 1011925. What is the hundreds digit of d?
9
Let b(o) = -4*o**2 - 4*o + 3. Let l be b(1). Let u be 59 + ((-6)/l - (-1)/(-5)). What is the hundreds digit of (10/u - (-26)/(-12))*-100?
2
Suppose -6 = 2*f - 16. Suppose -3*c + f*o + 329 = 0, -c + 4*o + 111 = 3*o. Suppose -4*g + c - 13 = 0. What is the tens digit of g?
2
Let p be (-15)/(-75) + (-28602)/(-15). Let r = -803 + p. What is the hundreds digit of r?
1
Suppose -k + 51 = 2*t, 7*k - 269 = 2*k - 3*t. Let z = -15 - -138. Let q = z - k. What is the tens digit of q?
6
Suppose 34*m - 309178 + 63086 = 0. What is the tens digit of m?
3
Let u = 301 - -3319. What is the hundreds digit of u?
6
Suppose -18*x + 380855 = 47135. What is the thousands digit of x?
8
Suppose -3*g = w - 27, 3*g + 3*w + 2*w = 39. What is the hundreds digit of (-4)/22 - g/((-528)/25818)?
3
Suppose 0 = 5*l - u - 218 + 58, -4*u + 86 = 2*l. Let k(q) = q**3 - 34*q**2 + 40*q + 107. What is the tens digit of k(l)?
3
Let w(b) be the first derivative of 11*b - 11 - 1/3*b**3 + 3/2*b**2. What is the tens digit of w(0)?
1
Suppose -26*r = -258*r + 5381472. What is the hundreds digit of r?
1
Suppose 2*m - 194 = -4*d - 1116, -5*d - 920 = 2*m. Let j = -109 - m. What is the tens digit of j?
5
Let k(q) = -q + 2. Let u(m) = 603*m - 10. Let d(i) = 14*k(i) + 2*u(i). What is the thousands digit of d(1)?
1
Suppose -2*y + 152 = 2*y. Suppose r + 5*a = -3*r + 17, 5*a + 39 = 3*r. Let l = r + y. What is the tens digit of l?
4
Let k be ((0/5)/7)/2. Suppose k = 4*o - 898 + 718. What is the tens digit of o?
4
What is the units digit of 300/(-4)*((-10250)/30 + -1)?
0
Let s(l) = 304*l**2 + 184*l - 949. What is the thousands digit of s(5)?
7
Suppose -2*d - 4*m + 54 = 0, 5*m - 33 = -4*d + 60. Suppose 5*w - d - 7 = -3*s, 0 = -2*w. What is the tens digit of 908/10 + s/(-10)?
9
Let i(q) = 8*q - 43. Let w be i(0). What is the tens digit of ((-149)/(-4))/(w/(-344))?
9
Suppose 35958 = 23*k - 206669. What is the tens digit of k?
4
Let z(i) = 43*i - 105. Let p(j) = 345*j - 840. Let f(u) = 4*p(u) - 33*z(u). What is the tens digit of f(-32)?
5
Let l = -1626 + 27367. What is the units digit of l?
1
Let s(x) be the third derivative of -7*x**6/720 - x**5/20 + 19*x**4/24 - 3*x**2. Let w(z) be the second derivative of s(z). What is the units digit of w(-15)?
9
Suppose 229 - 1109 = 2*i. Let s = i + 629. Suppose 0 = -y + 2*y - s. What is the tens digit of y?
8
Let x be 1/3 + (-1471)/3. Let m = -321 - x. Let k = m + -117. What is the tens digit of k?
5
Let u(i) = 15*i**2 - i + 2. Let a be u(1). Let h be -1 + a/2 + 8/(-4). What is the tens digit of 5898/54 +